e the second derivative of 5*v**3/6 + v**2/2 + 3*v. Is t(1) a prime number?
False
Suppose -u = 5*o - 3, 6*u - 12 = 3*o + 2*u. Suppose 5*l + 0*l - 555 = o. Is l a prime number?
False
Suppose -4*z + 28 = 3*z. Let l(t) = t**2 - t - 1. Let n(q) = -q**2 + 5. Let y(j) = 4*l(j) + 2*n(j). Is y(z) prime?
False
Suppose -179 + 46 = -m. Is m a composite number?
True
Let n = 556 - 386. Suppose -i + n = i. Is i prime?
False
Let s(r) = -r**3 - 9*r**2 - 9*r - 2. Let t be s(-8). Let c = t + -3. Is c a composite number?
False
Suppose j = 7 + 16. Is j composite?
False
Let u = -2468 - -5339. Is ((-3)/9)/((-3)/u) a composite number?
True
Let s = 991 - 248. Is s a prime number?
True
Let a = 247 + -43. Let o = -48 + a. Suppose 0*b - o = -4*b. Is b composite?
True
Let s be 4/(-12) + (-16)/6. Let p be (2/(-6))/((-1)/s). Is 17 + (4/2)/p a prime number?
False
Let l(z) = -212*z - 1 + 95*z - 101*z. Let r be l(-1). Suppose 3*m + r = 4*b, b + 12 - 70 = -3*m. Is b a composite number?
True
Suppose -3*x - 4*s = -0*s - 2015, 3363 = 5*x + 2*s. Is x composite?
False
Let f(v) = -18*v - 3. Let g(d) = -54*d - 8. Let m(l) = -14*f(l) + 5*g(l). Is m(-8) composite?
True
Suppose 6*t - 10 = t. Suppose -5*o = -t*o - 165. Is o a prime number?
False
Suppose -g = -3*g. Suppose g*y = 5*y - 10. Is (y/(-7))/((-4)/28) a prime number?
True
Let d = 27 - 25. Let b be (-122)/(-6) - (-2)/3. Suppose -2*l = -d*c + l + 40, -b = -c + l. Is c a prime number?
True
Let y(h) = 9*h + 9 - 10*h - 33*h. Is y(-4) composite?
True
Suppose 3*u = -13 - 17. Suppose -3*d - 6 = -2*n, 1 = 3*d - n + 4. Let x = d - u. Is x a prime number?
False
Let y(m) = 2*m**2 - 2*m. Let z be y(2). Suppose -z*q - 3*b + 37 = 0, -5*b - 3 + 18 = 0. Suppose d + k = 185, 5*k + 3 = -q. Is d a prime number?
False
Suppose -4*n - 53 = 15. Let x be n/((2/(-6))/1). Suppose 5*z + x - 221 = -5*a, 0 = -3*z + a + 90. Is z a prime number?
True
Suppose 3*w = 7 + 2. Suppose -4*u = -16, w*q + 2*q - 33 = -2*u. Suppose 4*h = p - 46, p = -q*h + 3*h + 34. Is p composite?
True
Suppose 3*n + 9 = 0, s + s = 2*n + 34. Is s prime?
False
Let m(z) be the second derivative of z**3/2 - 2*z**2 - 4*z. Let d be m(8). Let k = 35 + d. Is k a prime number?
False
Let d = -43 - -296. Is d composite?
True
Let q = 170 + 77. Is q a composite number?
True
Is (-2 + 0 - -1)*-307 a prime number?
True
Let s(w) = -w**2 + 15*w. Is s(14) a prime number?
False
Suppose 5*i + 5*t - 2800 = 0, 3*t - 4*t = 2*i - 1117. Is i prime?
True
Is 107/(((-18)/57)/(-6)) prime?
False
Suppose 6*q - 289 = 5*q. Is q prime?
False
Let c(o) = o**2 - 5. Let b(f) = f**2 + 17*f + 22. Let l be b(-15). Is c(l) a composite number?
False
Suppose 0*b = -4*b + 20. Suppose 99 + 38 = 3*c - b*x, c - 55 = 4*x. Is c composite?
True
Suppose 19*s + 717 = 22*s. Is s a prime number?
True
Let j(p) = -p**2 - 3*p - 3. Let i be j(4). Let s = i + 62. Is s prime?
True
Suppose -382 = 3*l - 121. Let h = l - -176. Is h a composite number?
False
Let m = -11 - -8. Is -3 - (m - (2 + 717)) a composite number?
False
Let a(v) = v**3 + 5*v**2 + 2*v - 4. Let f be a(-4). Let o be (2/f)/((-1)/(-254)). Let t = o + -50. Is t a prime number?
False
Suppose -2*d - 364 = -6*d + 4*h, -3*d = 2*h - 263. Is d a prime number?
True
Suppose -j + 319 = 121. Is (4 - j)*1/(-2) prime?
True
Suppose 17 = r + 5*y, r + 5*y = 4*r - 71. Suppose a + r = 75. Is a prime?
True
Suppose 2*q = -5*n - 0*n + 1637, -822 = -q + n. Is q a composite number?
False
Let u = 1 + 20. Let v = 80 - u. Is v a composite number?
False
Suppose -2*z = -5*o - 107, 3*z - 4*o = 8*z - 185. Suppose z = 2*t + d - 12, 0 = 3*t + d - 79. Is t prime?
False
Let g(a) = 10*a - 3. Suppose -5*m - 5*x + 40 = 0, 0 = -2*m + 6*m - 4*x - 16. Is g(m) a prime number?
False
Let p(i) = -i**3 - 7*i**2 + 10*i + 10. Let v be p(-8). Let n be (v/7)/((-2)/(-14)). Is (8/n)/(8/(-60)) a composite number?
True
Let g = 229 - 113. Let y = g - 31. Is y a composite number?
True
Let s(j) = -3*j**3 + 5*j**2 + j - 4. Suppose 3*h - 2*h + o = 3, -h + o + 9 = 0. Suppose -3*p = -0*f - 4*f - h, 3*f - 5*p = 1. Is s(f) a prime number?
False
Let p(d) be the first derivative of 17*d**3/3 - 4*d**2 - 11*d - 1. Is p(-8) composite?
True
Let k = -55 + 385. Suppose 3*x + 2*x - k = 0. Let a = -47 + x. Is a a prime number?
True
Suppose -9 = -4*n - 3*v, 4*n = n - v + 3. Suppose n = -0*g - 5*g + 15. Is g prime?
True
Is 2392/12 + 2/(-6) a prime number?
True
Let y(w) = -w**3 + 14*w**2 + 13*w + 11. Is y(10) a composite number?
False
Suppose 4*u + 104 = g, 3*g - 4*u = 136 + 216. Suppose 5*i + 4 = g. Is 2/6 - (-2224)/i a composite number?
True
Let r = 221 + -1545. Is (r/6)/((-8)/12) composite?
False
Suppose 5*n + 6701 = 2*p, -5*n + 10064 = 3*p - 0*p. Is p a prime number?
False
Let n = -21 - -8. Let x = n - -32. Is x a composite number?
False
Let v(s) = s. Let m be v(9). Let h(t) = t**2 + 14*t - 5. Is h(m) a prime number?
False
Let r(p) = 58*p + 1. Is r(1) a composite number?
False
Let x(m) = -264*m**3 - m**2 - 3*m - 3. Is x(-1) prime?
True
Is 2/1*(-16114)/(-28) a prime number?
True
Let c = 2461 - 416. Is c composite?
True
Let c(n) = n**3 - 6*n**2 - 2*n + 6. Let o be c(7). Suppose 135 = 2*k + o. Is k prime?
True
Let z be 1/(-2)*4/(-1). Suppose -3*l + 78 = -2*q - 7, 0 = -4*l - z*q + 90. Is l a composite number?
True
Let d(v) = -v**3 + 7*v**2 - 5*v + 4. Let h(l) = -3*l - 3. Let p be h(-3). Is d(p) a composite number?
True
Let p = 4 - 2. Let t(s) = 27*s**2 + s - 1. Is t(p) a prime number?
True
Suppose -31 = -c - 4*w, -5*c - w = -3*w - 177. Is c a composite number?
True
Is (3/12)/(1/4412) prime?
True
Let i be (-1 - -2)*(4 + 2). Suppose 16 = -i*z + 2*z. Is (39/3)/(z/(-76)) composite?
True
Suppose 2*h - 21 = k, 0*k - h = -k - 16. Suppose 3*g = -2*g - 100. Let p = k - g. Is p prime?
False
Let f = 24 - 16. Suppose f*l - 1492 = 4*l. Is l a prime number?
True
Suppose 0 = -4*r + 5*w + 82 + 129, 4*w + 12 = 0. Is r a prime number?
False
Suppose -2*p + 2*a = -4, 3*p = 2*p - 5*a - 10. Let j = -85 - -173. Suppose -4*k + p*k + j = 0. Is k a prime number?
False
Suppose -t + 2 = -1. Let i(l) = 6*l**3 - 5*l**2 + 3*l + 1. Is i(t) composite?
False
Suppose 4*d - 16 = -4. Suppose d = 4*v - 9. Suppose -m + 136 = v*m. Is m a composite number?
True
Suppose g + d = -2, -3*g = 2*d - 4*d - 14. Suppose 0*q + g*i - 49 = -3*q, -11 = -q + 2*i. Is q prime?
False
Let m be -2*14/(-4) - 2. Suppose 5*v - b = -5*b - 1, b - m = -3*v. Suppose 327 = v*d - 342. Is d a prime number?
True
Let v(s) = -14*s - 13. Let j(a) = -a**3 + a - 6. Let o be j(0). Is v(o) a composite number?
False
Suppose -2*u - 5 - 1 = 0. Let o = 16 - u. Is o composite?
False
Let b(j) = -j**3 - 6*j**2 + 5*j - 8. Let t be b(-7). Suppose 4*g = -0*g - 2*z + 4, 3*g - t = -3*z. Is 1 + (113 - (1 - g)) a prime number?
True
Suppose -3*v - 3*k + 60 = 0, 2*v - v + 3*k - 12 = 0. Let g = v - 14. Is g a prime number?
False
Let i(f) = f**3 - 3*f**2 + 4. Let l be i(3). Suppose -2*r - 1 - 3 = l*t, 16 = -4*t. Suppose -h + r = -1. Is h a prime number?
True
Suppose -3*u - 2*z = -4209, 4*u - 7015 = -u + z. Is u prime?
False
Let f(s) = -s**2 + 4*s - 1. Let j(o) = -o**2 + 7*o - 5. Let h be j(5). Let y be f(h). Is (-212)/y*60/8 prime?
False
Suppose 5*q + 3*w = 2*w - 54, 0 = -2*q + 4*w - 26. Let j = 15 + q. Is j/(-12) + (-212)/(-6) a composite number?
True
Let f = -17 + 19. Suppose -2*q + 722 = 5*g, 4*g = 3*q + f*q + 604. Is g composite?
True
Let i = 14 + -7. Suppose 2*p = i*p - 175. Is p prime?
False
Let j = 158 - -156. Is j a prime number?
False
Let z(f) = -f**2 - 15*f - 13. Let v(o) = 2*o + 12*o + 1 - 3*o. Let s be v(-1). Is z(s) prime?
True
Let r(y) = -3*y**2 - 3*y**2 - 2*y + 5*y**2. Let u be r(2). Is 38/6 - u/12 a prime number?
True
Is (11/(-33))/(1/(-1191)) a prime number?
True
Suppose 1495 = 8*k - 801. Is k a composite number?
True
Let m = -25 + 39. Is m prime?
False
Let n be 1 - 1 - 3 - -3. Let m = n + 3. Suppose 2*q - 3*a - 119 = 0, -m*a + 9 + 6 = 0. Is q composite?
False
Suppose z - 78 + 32 = 0. Is z composite?
True
Suppose -413 + 1191 = 2*x. Is x prime?
True
Let c be (9/(-6))/((-6)/20). Suppose 2*l + 99 = c*l. Is l a composite number?
True
Suppose 4*t = -83 + 351. Is t prime?
True
Let q be ((-20)/(-30))/(2/12). Suppose -1790 = -q*x + 2*x. Is x a composite number?
True
Suppose 3*j + 2*c = 2*j - 11, -c = -2*j + 3. Is j/((-400)/(-134) + -3) a p